est common factor of u and 12?
12
Let n(v) be the second derivative of v**5/20 + 7*v**4/12 - 3*v**3/2 - v**2 - 2*v. Let l be n(-8). What is the highest common divisor of l and 6?
6
Let k be (-3 + -2)/((-5)/25). What is the greatest common divisor of k and 175?
25
Suppose -653 = -4*z - 93. What is the highest common factor of 28 and z?
28
Suppose b - 99 = -2*b. Let d = 34 - 23. What is the greatest common factor of d and b?
11
Let t(c) = c**3 + 4*c**2 + 3*c + 2. Suppose 3*m - 22 + 4 = 0. Let h be m*(1/2 + -1). Let w be t(h). Calculate the highest common factor of w and 4.
2
Let d(n) = -n**3 - 10*n**2 - 13*n - 22. Let l be d(-11). What is the highest common divisor of l and 22?
22
Let q be 4/6 + (-56)/(-6). Suppose 25 = 5*l + q. Suppose 34 = -5*t + 2*x + 124, l*x = 0. What is the greatest common divisor of 144 and t?
18
Let r(z) = -238*z**3 + z**2 - z - 2. Let s be r(-1). Calculate the highest common divisor of 34 and s.
34
Let z(s) = 7*s - 4. Let o be z(2). Suppose -5*d - 5*q + 460 = 0, d + 3*q - 35 - 61 = 0. Calculate the highest common factor of o and d.
10
Let v(l) = -l**2 - 18*l - 22. Let o be v(-12). What is the highest common divisor of o and 20?
10
Suppose 4*i = -2*n + 80, -2*n - 3*i - 40 = -3*n. What is the highest common factor of 10 and n?
10
Let i be 0/1 + (-4)/(-2). Suppose i*f - 44 = -3*l, -f + 0*f + 2*l = -22. What is the greatest common factor of f and 33?
11
Suppose 24 = -3*z + 6. Let x be ((-7)/(-3))/((-1)/z). Suppose -5*s + 2 = -4*s. What is the highest common divisor of x and s?
2
Let l(m) = m**3 + 3*m**2 - 2*m - 3. Let q be l(-3). What is the greatest common factor of 7 and q?
1
Suppose 3*c + 38 = 188. What is the highest common divisor of c and 250?
50
Let y be (-3)/(-2) - 4/8. Let l be y*-10*5/(-10). Calculate the highest common divisor of 15 and l.
5
Let r = -77 - -41. Let t = 69 + r. Calculate the highest common factor of 22 and t.
11
Suppose g + 2*g = 9. Calculate the highest common factor of g and 9.
3
Let x = -2 - 1. Let a be x*(-1 - 2/(-6)). Suppose a*s = 5*s - 288. What is the highest common divisor of 12 and s?
12
Suppose 10*g - 4*g = 6. What is the greatest common factor of g and 8?
1
Suppose 3*n + 5*z = 106, 5*n = z + 171 - 13. Let v be (1/2 + -1)*-6. Suppose 0 = v*y + 2*y - 80. Calculate the greatest common divisor of n and y.
16
Let v = -7 + 62. What is the greatest common factor of v and 22?
11
Suppose -2*a - 2*q + 185 = 3*q, 4*a + q = 325. Calculate the highest common factor of 32 and a.
16
Suppose -2*l - 2*l = -52. What is the highest common factor of l and 52?
13
Let d be (-4)/40*-12*5. Suppose -d*c + 100 = -5*c. Suppose 4*x = 6*x - 80. Calculate the greatest common factor of c and x.
20
Let m = -12 - -18. Let p be (120/(-35))/((-1)/7). What is the highest common divisor of m and p?
6
Suppose -4*n - 2 = -2*n. Let t = 2 + n. Calculate the greatest common factor of t and 11.
1
Suppose 0 = f + 2 - 0. Let z be (-648)/(-6)*(-1)/f. What is the greatest common divisor of 18 and z?
18
Suppose 0 = 6*q - 17*q + 143. What is the greatest common divisor of q and 104?
13
Let g(l) = l**3 - 3*l**2 - 3*l + 3. Let x be g(4). Let h be 20 - -3 - (1 - -1). Calculate the highest common factor of h and x.
7
Suppose 29 = 4*h - 15. Suppose -1771 = -5*r - 596. Suppose 3*m - r = -4*i, -4*m + 40 = i - 7*m. What is the greatest common divisor of h and i?
11
Let q = -85 + 138. Calculate the greatest common factor of q and 106.
53
Let k = 400 + -190. Suppose -2*d + 4*d - k = 0. What is the highest common divisor of d and 21?
21
Let s be -4 + (2 - 4) + (0 - -20). Calculate the greatest common factor of s and 154.
14
Let b = -51 - -53. What is the highest common divisor of 2 and b?
2
Let f(t) = 2*t**3 - 2*t**2 + 3. Let g be f(2). Calculate the greatest common factor of 1 and g.
1
Suppose 3*b - 22 + 4 = 0. Let z be 44 + 0*(-2)/b. Suppose j = -j + z. What is the greatest common factor of j and 55?
11
Suppose 0 = 5*g + 5*z - 5, -4*z - 8 = -3*g + 4*g. Let t(b) = -b**2 + 3*b + 2. Let a be t(2). What is the highest common divisor of g and a?
4
Let f = 467 + -302. Let a(g) = 4*g - 5. Let o be a(5). What is the greatest common divisor of o and f?
15
Suppose -3*j = -p - 208, -3*j + 74 = -2*j - 5*p. What is the highest common divisor of j and 23?
23
Let u be (-30)/(-7) + (-6)/21. Suppose -3*w + 12 = -0*w. Calculate the greatest common divisor of w and u.
4
Let g = -2 + 1. Let y be g - (-19*1 - 1). Let t = 98 - -111. What is the highest common factor of y and t?
19
Let m(j) = 9*j**3 - 3*j - 10*j**3 - 8*j**2 - 1 + 2*j. Let l be m(-8). What is the greatest common divisor of l and 63?
7
Let x be (-76)/6*9/(-2). Suppose 0 = 4*c - 3*s - x, 0 = 3*c - s + 5*s - 49. Calculate the highest common divisor of 3 and c.
3
Let s = 0 + 4. Suppose 7*v + 31 = 2*v - s*t, -5*v - 2*t = 33. Let m(i) = i + 10. Let z be m(v). What is the greatest common factor of 15 and z?
3
Suppose -d - 5 = -7. Let j(o) = 3*o**2 - 2. Let y be j(d). Let a be ((-1)/(-2))/((-2)/(-360)). What is the greatest common factor of a and y?
10
Let n = 15 + -12. Let f = 4 - n. What is the highest common factor of f and 11?
1
Let u(c) = -c**2 - 8*c - 1. Let o be u(-7). What is the greatest common factor of o and 18?
6
Let i(p) = -p - 3. Let f be i(-7). Let r = 7 + -3. Suppose -r*j = -j - 108. Calculate the greatest common factor of f and j.
4
Suppose -7*f - 145 = -649. What is the highest common factor of f and 9?
9
Suppose q - 41 = 14. Suppose k - q = 22. Calculate the highest common factor of 7 and k.
7
Let x be 280/12 - (-1)/(-3). Let h = x + -11. Calculate the greatest common divisor of 12 and h.
12
Let r be 4*2*(-1)/(-2). Let d = 4 + r. What is the highest common factor of 1 and d?
1
Let j(c) = 24 + 6*c - 6*c + c. Let r be j(-11). What is the greatest common divisor of 13 and r?
13
Suppose 3*k = -j + 153, 11*j - 8*j = 2*k + 437. Calculate the highest common factor of 98 and j.
49
Suppose -5*n - 16 = s, -9 = 3*n - 2*s + 11. Let c(o) = -3 - 3 - 4*o + 2. Let h be c(n). Calculate the greatest common factor of 3 and h.
3
Suppose 4*k = -0*k + 4. Suppose 7 = a - 4*z - 0, 2*z = -a + 13. What is the greatest common divisor of a and k?
1
Suppose -2*t + 0*t = -3*h + 67, -4*h = t - 82. Let k = h + -13. Calculate the highest common divisor of k and 8.
8
Let i be -1*(-2 - -3) - 1. Let c be (i/(-3) + -1)*-3. Let u be 0 + -1 - c - -5. Calculate the greatest common divisor of 2 and u.
1
Suppose j = 2*g - j + 8, 8 = -5*g + 2*j. Let f be g/1 + -4 + 40. Calculate the greatest common divisor of f and 9.
9
Suppose -g = -0*g - 154. What is the highest common divisor of g and 22?
22
Let g be (-1126)/(-6) + 19/((-399)/(-28)). Calculate the highest common factor of 54 and g.
27
Let b = -172 - -252. Calculate the greatest common factor of 8 and b.
8
Let x be 3 + 0 + 75/15. Calculate the greatest common factor of x and 16.
8
Let o = -49 - -109. What is the greatest common divisor of o and 24?
12
Let f(l) = 5*l**2 + 3*l + 3. Let g be f(-2). Calculate the highest common divisor of g and 68.
17
Let x(h) = -69*h**3 - h**2 - 4*h - 2. Let i be x(-1). Let r = -3 - -13. What is the greatest common divisor of r and i?
10
Suppose 0 = w + 88 - 91. Calculate the greatest common divisor of 57 and w.
3
Suppose -110 = -5*x + 40. Suppose -w + 660 = w. Calculate the greatest common factor of w and x.
30
Suppose -3*h - 5*w + 35 = 0, 5*h - h - 4*w = 100. Calculate the greatest common divisor of h and 4.
4
Let l(v) = -v**3 + 4*v**2 + v. Let s be l(4). Suppose -3*t + 95 = 5. Suppose -3*g - 2*c + 78 = c, 3*c - t = -g. Calculate the greatest common factor of s and g.
4
Suppose -4*y = 23 + 9. Let u(l) = l**2 + 7*l + 14. Let x be u(y). Calculate the greatest common factor of 55 and x.
11
Suppose 0 = 3*w - 4*u - 71, -52 = -2*w + 6*u - u. Let b be 6/w + (-40)/(-7). Calculate the greatest common divisor of b and 66.
6
Suppose -37 = -2*n - 0*n + 5*w, n = w + 11. What is the greatest common divisor of 6 and n?
6
Suppose 0 = 5*f - 126 - 154. What is the highest common factor of 8 and f?
8
Suppose 0 = -3*r - 3*u + 2*u + 148, 242 = 5*r - 3*u. Let c(n) = n + 16. Let f be c(-9). What is the greatest common factor of r and f?
7
Let d = -100 - -353. Calculate the greatest common divisor of d and 23.
23
Let o = 1 + 0. Let i(z) = 15*z. Let a be i(o). Let n 